derivative of 13*n**5/60 - n**4/4 + 4*n**3/3 - 3*n**2. Let r be h(10). What is the remainder when (-2)/9 + r/27 is divided by 16?
14
Suppose -7*p - 18*p = -325. What is the remainder when p is divided by 0/(-1) + 1*8?
5
Suppose -5*n + 4*n + 19 = 0. Calculate the remainder when 33 is divided by n.
14
Calculate the remainder when (-2 + (-3)/(-2))*2*-119 is divided by 12.
11
Let y(i) = 7*i + 8. What is the remainder when y(6) is divided by (-4)/2 - -15*1?
11
Suppose 5*a = 4*i - 92, i + 73 + 4 = -5*a. Let x = a - -27. What is the remainder when 43 is divided by x?
10
Suppose j = c + 4*j - 15, 0 = -2*c + 2*j + 14. Calculate the remainder when 24 is divided by c.
6
Suppose 4*i = -4*p + 60, 2*p - 10 = -2*i + 5*i. What is the remainder when p is divided by 4?
3
Suppose -14*m + 10*m = -164. What is the remainder when m is divided by 15?
11
Suppose 32 + 16 = 3*t. Suppose u - t = 1. Calculate the remainder when 33 is divided by u.
16
Calculate the remainder when 749/28 - 1/(-4) is divided by 15.
12
Let f = 88 + -30. Suppose 16 = -h + f. Suppose -2*g + h = -m + 8, -3*g + 42 = 3*m. What is the remainder when 30 is divided by g?
14
Let w = -12 - -37. What is the remainder when w is divided by 9?
7
Let x = -1 + 4. Suppose 0 = x*z - 2*z - 8. What is the remainder when ((-15)/(-2))/((-3)/(-6)) is divided by z?
7
Let f be (8/(-10))/(4/(-10)). Suppose -p = f*k - 22, -3*p + 6*p - 2*k - 26 = 0. Let w(m) = 5*m - 3. Calculate the remainder when w(5) is divided by p.
10
Let o = 19 + -14. Suppose -o*n + 32 = -33. Calculate the remainder when n is divided by 4.
1
Let w = -92 + 97. What is the remainder when 97 is divided by w?
2
What is the remainder when 1/(-2) - 376/(-16) is divided by 12?
11
Let w = 91 + -36. Suppose 0 = -7*t + 2*t + w. Let h(q) = -2*q + 4. Calculate the remainder when t is divided by h(0).
3
What is the remainder when 17 is divided by (3 + 2)*(6 + -5)?
2
Let m be (3/(-5))/(4/(-20)). Suppose m*w - 4 = 59. What is the remainder when 83 is divided by w?
20
What is the remainder when (-1 + 3 + -3)/(1/(-71)) is divided by 37?
34
Let u = 51 - 48. Calculate the remainder when 7 is divided by u.
1
Let v = 89 - 18. Suppose v + 85 = 3*o. Calculate the remainder when o is divided by 18.
16
Let b be (-1)/(9/(-5) - -2). Let i(h) = 2*h**2 + 3*h - 7. What is the remainder when i(b) is divided by 15?
13
Suppose 126 = y + 4*x + 27, 0 = -3*y + x + 232. What is the remainder when y is divided by 27?
25
Let i = -20 + 29. Calculate the remainder when i is divided by 4.
1
Let y(x) = 2*x**2 - 6*x + 7. What is the remainder when y(7) is divided by 22?
19
Suppose 3*a + 10 = 5*a. Calculate the remainder when 9 is divided by a.
4
Suppose y = -y + 6. What is the remainder when 18 is divided by y?
0
Let c(q) = -2*q**3 - 12*q**2 + 13*q. Let p(y) = -22*y + 1. Let t be p(1). Let o = -9 - t. Calculate the remainder when o is divided by c(-7).
5
What is the remainder when 81 + 1 + -1 + 0 is divided by 42?
39
Suppose -3*n + 4 = 4*j, -2*n + 6*n = 4*j - 4. Let x(z) = z + 6. Suppose 5*m - 30 = -4*p, -3*m - 5 = 1. Calculate the remainder when p is divided by x(n).
4
Suppose -48 = -h + 2*a, 5*a = -h - h + 51. Calculate the remainder when h is divided by 14.
10
Let d(i) = i**3 + 4*i**2 + 3*i + 2. Let p be d(-3). What is the remainder when (7 - (-4)/p)*1 is divided by 3?
0
Suppose 0 = 4*i + 6 - 42. Calculate the remainder when i is divided by (5 - -4) + -3 + (2 - 3).
4
Let v = 15 + 14. Let b = -62 + v. Let z = -14 - b. What is the remainder when z is divided by 10?
9
Let h(a) = 2*a + 3*a + 4*a - 3 - 8*a**2 + a**3. Calculate the remainder when 43 is divided by h(7).
10
Let d = -83 + 135. What is the remainder when 205 is divided by d?
49
Let q(i) = -42*i + 16. What is the remainder when q(-3) is divided by 36?
34
Let i(d) = 2*d**2 + 2*d. Let y be (-1 + -1)*(-3)/(-3). Let n(w) = w**3 + 4*w**2 + 3*w + 2. Calculate the remainder when i(y) is divided by n(-3).
0
Suppose 2*k = d + 74, d + 3*k = -0*d - 64. Let s = -16 + 7. Calculate the remainder when 14 is divided by d/s - 6/(-27).
6
What is the remainder when 582/24 - (-3)/(-12) is divided by 9?
6
Let d(k) = -10*k - 7. Let q be d(-9). Suppose b = -2*c + 22, -6*b - c + q = -b. Calculate the remainder when 61 is divided by b.
13
What is the remainder when (6/(-1))/(6/(-32)) is divided by 11?
10
What is the remainder when (12/15)/(1/5) + 47 is divided by 19?
13
Calculate the remainder when 9/(-3)*(-49)/3 is divided by 17.
15
Let m(t) = t**2 - 3*t + 6. Let k(u) = 7*u + 0*u + 2 + u. Calculate the remainder when k(2) is divided by m(4).
8
Suppose -5*q + 50 = 5*j - 10, 42 = 5*j - q. Let t = -13 + 37. Calculate the remainder when t is divided by j.
6
Suppose 0 = n - 0*n - 3. Suppose -4*t + t - 2*b = -15, 2*b = -t + 1. What is the remainder when t is divided by n?
1
Suppose 2*i = y - 18, -5*y = -10*y. Let a be 1/3 - 42/i. Suppose a*q + 11 = 26. Calculate the remainder when 9 is divided by q.
0
Let q(p) = p + 8. Calculate the remainder when 86 is divided by q(14).
20
Let n(a) = 2*a + 9. Let r(i) = -2*i + 2. What is the remainder when n(16) is divided by r(-6)?
13
Suppose 0 = -5*k - v + 53, -2*k - 5*v = -17 + 5. Let q = 24 - k. What is the remainder when 25 is divided by q?
12
Suppose -2*y - 4*n = -24, 3*n + 3 = -2*y + 24. Suppose 4*x + 2*g - 62 = 0, 0 = -4*x + 3*g - 25 + 102. What is the remainder when x is divided by y?
5
Let f = 29 + -2. Calculate the remainder when f is divided by 15.
12
Let u = 9 + -35. Let j = 29 + -73. Let m = u - j. What is the remainder when 34 is divided by m?
16
Calculate the remainder when ((-306)/24)/((-1)/4) is divided by 18.
15
Suppose 4*c - 60 = 2*c. What is the remainder when 119 is divided by c?
29
Let r = -33 - -176. Suppose 3*q + d - r = -0*d, q = -5*d + 43. Suppose -56 = -2*b + q. Calculate the remainder when b is divided by 18.
16
Suppose -2*u + 3*u + 2*j = -12, -4*u - 2*j = 48. Let k = u - -23. Calculate the remainder when 843/27 + 4/(-18) is divided by k.
9
Let r(q) = 3*q**2 - 2*q + 1. Let f be r(1). Let m(a) = a**3 - a + 2. Let i be m(0). Let x = f + i. Calculate the remainder when 9 is divided by x.
1
Suppose 138 = 4*f - 2*r, 2*r + r = 5*f - 171. What is the remainder when (-1)/(-4) + (-825)/(-12) is divided by f?
33
Suppose -g = -3*q, -g - 8 = 2*q + 3*q. Let a be 0/((-3)/g + 0). Suppose 5*i + 2*n - 62 = 4*n, a = -2*i + n + 25. What is the remainder when 34 is divided by i?
10
Suppose 0 = -x - 4, 0*w - 5*x = -3*w + 14. What is the remainder when 18 is divided by ((-20)/(-8))/((-1)/w)?
3
Suppose g - 28 = 1. What is the remainder when 85 is divided by g?
27
Let s be (-2)/6 - 34/(-3). Suppose s = 3*d + 5*x - 4, 0 = -5*x. What is the remainder when 13 is divided by d?
3
Let b = -1 + 7. Let m(p) = -p**2 - 3*p + 4. Let w = -29 + 26. Calculate the remainder when b is divided by m(w).
2
Let b(l) = -l**3 + 4*l**2 + 1. Calculate the remainder when 17 is divided by b(3).
7
Suppose -5*j + 219 + 133 = -3*n, 3*j - 3*n = 216. Suppose 0 = 13*u - 11*u - 46. Calculate the remainder when j is divided by u.
22
Calculate the remainder when (8 + -1)*(-205)/(-35) is divided by 7.
6
What is the remainder when 83 is divided by 1 - (1710/(-42) + (-4)/14)?
41
Let h(n) = 12*n**2 + n. Calculate the remainder when 35 is divided by h(1).
9
Let z = 37 - -3. Calculate the remainder when z is divided by 6.
4
Let r(h) = 2*h**2 + 15*h + 25. What is the remainder when 131 is divided by r(-8)?
32
Let i = -40 + 129. Calculate the remainder when i is divided by 23.
20
Let d(f) = f**2 - 9*f + 54. Calculate the remainder when d(22) is divided by 57.
55
Let o(l) be the third derivative of 29*l**4/24 + l**3/6 + 4*l**2. What is the remainder when o(1) is divided by 16?
14
Suppose 0 = -4*q + w + 9, q + 0*q - 21 = 4*w. Calculate the remainder when 3 is divided by q.
0
Suppose 2*q + 3*g - 44 = g, g + 24 = q. What is the remainder when q is divided by (2 - (-3)/(-1)) + 13?
11
Let p = 54 + -26. What is the remainder when 82 is divided by p?
26
Suppose 0 = 3*h - h - 16. Let a = h - 9. Calculate the remainder when (-42)/(-12) + a/(-2) is divided by 2.
0
Suppose 0 + 22 = s. Calculate the remainder when s is divided by 10.
2
Let j(q) = q**2 + 2*q - 3. Let z be j(9). Suppose 5*r - z = r. Calculate the remainder when r is divided by 13.
11
Let l = 25 + 9. Calcula